{"id":12,"date":"2026-03-23T09:37:01","date_gmt":"2026-03-23T08:37:01","guid":{"rendered":"https:\/\/wp.formaverse.fr\/cgv\/"},"modified":"2026-03-23T09:37:20","modified_gmt":"2026-03-23T08:37:20","slug":"cgv","status":"publish","type":"page","link":"https:\/\/wp.formaverse.fr\/e5b-01\/cgv\/","title":{"rendered":"Conditions G\u00e9n\u00e9rales de Vente"},"content":{"rendered":"\n<h1 class=\"wp-block-heading\">Conditions G\u00e9n\u00e9rales de Vente<\/h1>\n\n\n\n<p><em>En vigueur au 1er janvier 2026<\/em><\/p>\n\n\n\n<h2 class=\"wp-block-heading\">Article 1 &#8211; Objet<\/h2>\n\n\n\n<p>Les pr\u00e9sentes conditions g\u00e9n\u00e9rales de vente r\u00e9gissent les relations contractuelles entre \u00c9vasion Naturelle SAS et toute personne physique ou morale effectuant un achat via le site www.evasion-naturelle.fr.<\/p>\n\n\n\n<h2 class=\"wp-block-heading\">Article 2 &#8211; Prix<\/h2>\n\n\n\n<p>Les prix de nos produits sont indiqu\u00e9s en euros toutes taxes comprises (TTC), hors frais de livraison. \u00c9vasion Naturelle se r\u00e9serve le droit de modifier ses prix \u00e0 tout moment, les produits \u00e9tant factur\u00e9s sur la base des tarifs en vigueur au moment de la validation de la commande.<\/p>\n\n\n\n<h2 class=\"wp-block-heading\">Article 3 &#8211; Commandes<\/h2>\n\n\n\n<p>Toute commande implique l&rsquo;acceptation des pr\u00e9sentes CGV. La validation de la commande vaut acceptation des prix et descriptions des produits disponibles \u00e0 la vente.<\/p>\n\n\n\n<h2 class=\"wp-block-heading\">Article 4 &#8211; Livraison<\/h2>\n\n\n\n<p>Les produits sont livr\u00e9s \u00e0 l&rsquo;adresse indiqu\u00e9e lors de la commande, dans un d\u00e9lai de 2 \u00e0 5 jours ouvr\u00e9s en France m\u00e9tropolitaine. La livraison est offerte \u00e0 partir de 49 \u20ac d&rsquo;achat.<\/p>\n\n\n\n<h2 class=\"wp-block-heading\">Article 5 &#8211; Droit de r\u00e9tractation<\/h2>\n\n\n\n<p>Conform\u00e9ment aux dispositions l\u00e9gales en vigueur, vous disposez d&rsquo;un d\u00e9lai de 14 jours \u00e0 compter de la r\u00e9ception de votre commande pour exercer votre droit de r\u00e9tractation, \u00e9tendu \u00e0 30 jours chez \u00c9vasion Naturelle.<\/p>\n","protected":false},"excerpt":{"rendered":"<p>Conditions G\u00e9n\u00e9rales de Vente En vigueur au 1er janvier 2026 Article 1 &#8211; Objet Les pr\u00e9sentes conditions g\u00e9n\u00e9rales de vente [&hellip;]<\/p>\n","protected":false},"author":1,"featured_media":0,"parent":0,"menu_order":0,"comment_status":"closed","ping_status":"closed","template":"","meta":{"_uag_custom_page_level_css":"","site-sidebar-layout":"default","site-content-layout":"","ast-site-content-layout":"default","site-content-style":"default","site-sidebar-style":"default","ast-global-header-display":"","ast-banner-title-visibility":"","ast-main-header-display":"","ast-hfb-above-header-display":"","ast-hfb-below-header-display":"","ast-hfb-mobile-header-display":"","site-post-title":"","ast-breadcrumbs-content":"","ast-featured-img":"","footer-sml-layout":"","ast-disable-related-posts":"","theme-transparent-header-meta":"","adv-header-id-meta":"","stick-header-meta":"","header-above-stick-meta":"","header-main-stick-meta":"","header-below-stick-meta":"","astra-migrate-meta-layouts":"default","ast-page-background-enabled":"default","ast-page-background-meta":{"desktop":{"background-color":"var(--ast-global-color-5)","background-image":"","background-repeat":"repeat","background-position":"center center","background-size":"auto","background-attachment":"scroll","background-type":"","background-media":"","overlay-type":"","overlay-color":"","overlay-opacity":"","overlay-gradient":""},"tablet":{"background-color":"","background-image":"","background-repeat":"repeat","background-position":"center center","background-size":"auto","background-attachment":"scroll","background-type":"","background-media":"","overlay-type":"","overlay-color":"","overlay-opacity":"","overlay-gradient":""},"mobile":{"background-color":"","background-image":"","background-repeat":"repeat","background-position":"center center","background-size":"auto","background-attachment":"scroll","background-type":"","background-media":"","overlay-type":"","overlay-color":"","overlay-opacity":"","overlay-gradient":""}},"ast-content-background-meta":{"desktop":{"background-color":"var(--ast-global-color-4)","background-image":"","background-repeat":"repeat","background-position":"center center","background-size":"auto","background-attachment":"scroll","background-type":"","background-media":"","overlay-type":"","overlay-color":"","overlay-opacity":"","overlay-gradient":""},"tablet":{"background-color":"var(--ast-global-color-4)","background-image":"","background-repeat":"repeat","background-position":"center center","background-size":"auto","background-attachment":"scroll","background-type":"","background-media":"","overlay-type":"","overlay-color":"","overlay-opacity":"","overlay-gradient":""},"mobile":{"background-color":"var(--ast-global-color-4)","background-image":"","background-repeat":"repeat","background-position":"center center","background-size":"auto","background-attachment":"scroll","background-type":"","background-media":"","overlay-type":"","overlay-color":"","overlay-opacity":"","overlay-gradient":""}},"footnotes":""},"class_list":["post-12","page","type-page","status-publish","hentry"],"yoast_head":"<!-- This site is optimized with the Yoast SEO plugin v27.4 - https:\/\/yoast.com\/product\/yoast-seo-wordpress\/ -->\n<title>Conditions G\u00e9n\u00e9rales de Vente - \u00c9vasion Naturelle<\/title>\n<meta name=\"robots\" content=\"index, follow, max-snippet:-1, max-image-preview:large, max-video-preview:-1\" \/>\n<link rel=\"canonical\" href=\"https:\/\/wp.formaverse.fr\/cgv\/\" \/>\n<meta property=\"og:locale\" content=\"fr_FR\" \/>\n<meta property=\"og:type\" content=\"article\" \/>\n<meta property=\"og:title\" content=\"Conditions G\u00e9n\u00e9rales de Vente - \u00c9vasion Naturelle\" \/>\n<meta property=\"og:description\" content=\"Conditions G\u00e9n\u00e9rales de Vente En vigueur au 1er janvier 2026 Article 1 &#8211; Objet Les pr\u00e9sentes conditions g\u00e9n\u00e9rales de vente [&hellip;]\" \/>\n<meta property=\"og:url\" content=\"https:\/\/wp.formaverse.fr\/cgv\/\" \/>\n<meta property=\"og:site_name\" content=\"\u00c9vasion Naturelle\" \/>\n<meta property=\"article:modified_time\" content=\"2026-03-23T08:37:20+00:00\" \/>\n<meta name=\"twitter:card\" content=\"summary_large_image\" \/>\n<meta name=\"twitter:label1\" content=\"Dur\u00e9e de lecture estim\u00e9e\" \/>\n\t<meta name=\"twitter:data1\" content=\"1 minute\" \/>\n<script type=\"application\/ld+json\" class=\"yoast-schema-graph\">{\"@context\":\"https:\\\/\\\/schema.org\",\"@graph\":[{\"@type\":\"WebPage\",\"@id\":\"https:\\\/\\\/wp.formaverse.fr\\\/cgv\\\/\",\"url\":\"https:\\\/\\\/wp.formaverse.fr\\\/cgv\\\/\",\"name\":\"Conditions G\u00e9n\u00e9rales de Vente - \u00c9vasion Naturelle\",\"isPartOf\":{\"@id\":\"https:\\\/\\\/wp.formaverse.fr\\\/#website\"},\"datePublished\":\"2026-03-23T08:37:01+00:00\",\"dateModified\":\"2026-03-23T08:37:20+00:00\",\"breadcrumb\":{\"@id\":\"https:\\\/\\\/wp.formaverse.fr\\\/cgv\\\/#breadcrumb\"},\"inLanguage\":\"fr-FR\",\"potentialAction\":[{\"@type\":\"ReadAction\",\"target\":[\"https:\\\/\\\/wp.formaverse.fr\\\/cgv\\\/\"]}]},{\"@type\":\"BreadcrumbList\",\"@id\":\"https:\\\/\\\/wp.formaverse.fr\\\/cgv\\\/#breadcrumb\",\"itemListElement\":[{\"@type\":\"ListItem\",\"position\":1,\"name\":\"Home\",\"item\":\"https:\\\/\\\/wp.formaverse.fr\\\/\"},{\"@type\":\"ListItem\",\"position\":2,\"name\":\"Conditions G\u00e9n\u00e9rales de Vente\"}]},{\"@type\":\"WebSite\",\"@id\":\"https:\\\/\\\/wp.formaverse.fr\\\/#website\",\"url\":\"https:\\\/\\\/wp.formaverse.fr\\\/\",\"name\":\"\u00c9vasion Naturelle\",\"description\":\"La marque cosm\u00e9tique naturelle pour votre bien \u00eatre\",\"publisher\":{\"@id\":\"https:\\\/\\\/wp.formaverse.fr\\\/#organization\"},\"potentialAction\":[{\"@type\":\"SearchAction\",\"target\":{\"@type\":\"EntryPoint\",\"urlTemplate\":\"https:\\\/\\\/wp.formaverse.fr\\\/?s={search_term_string}\"},\"query-input\":{\"@type\":\"PropertyValueSpecification\",\"valueRequired\":true,\"valueName\":\"search_term_string\"}}],\"inLanguage\":\"fr-FR\"},{\"@type\":\"Organization\",\"@id\":\"https:\\\/\\\/wp.formaverse.fr\\\/#organization\",\"name\":\"\u00c9vasion Naturelle\",\"url\":\"https:\\\/\\\/wp.formaverse.fr\\\/\",\"logo\":{\"@type\":\"ImageObject\",\"inLanguage\":\"fr-FR\",\"@id\":\"https:\\\/\\\/wp.formaverse.fr\\\/#\\\/schema\\\/logo\\\/image\\\/\",\"url\":\"https:\\\/\\\/wp.formaverse.fr\\\/e5b-01\\\/wp-content\\\/uploads\\\/2026\\\/03\\\/cropped-favicon-evasion-naturelle.png\",\"contentUrl\":\"https:\\\/\\\/wp.formaverse.fr\\\/e5b-01\\\/wp-content\\\/uploads\\\/2026\\\/03\\\/cropped-favicon-evasion-naturelle.png\",\"width\":512,\"height\":512,\"caption\":\"\u00c9vasion Naturelle\"},\"image\":{\"@id\":\"https:\\\/\\\/wp.formaverse.fr\\\/#\\\/schema\\\/logo\\\/image\\\/\"}}]}<\/script>\n<!-- \/ Yoast SEO plugin. -->","yoast_head_json":{"title":"Conditions G\u00e9n\u00e9rales de Vente - \u00c9vasion Naturelle","robots":{"index":"index","follow":"follow","max-snippet":"max-snippet:-1","max-image-preview":"max-image-preview:large","max-video-preview":"max-video-preview:-1"},"canonical":"https:\/\/wp.formaverse.fr\/cgv\/","og_locale":"fr_FR","og_type":"article","og_title":"Conditions G\u00e9n\u00e9rales de Vente - \u00c9vasion Naturelle","og_description":"Conditions G\u00e9n\u00e9rales de Vente En vigueur au 1er janvier 2026 Article 1 &#8211; Objet Les pr\u00e9sentes conditions g\u00e9n\u00e9rales de vente [&hellip;]","og_url":"https:\/\/wp.formaverse.fr\/cgv\/","og_site_name":"\u00c9vasion Naturelle","article_modified_time":"2026-03-23T08:37:20+00:00","twitter_card":"summary_large_image","twitter_misc":{"Dur\u00e9e de lecture estim\u00e9e":"1 minute"},"schema":{"@context":"https:\/\/schema.org","@graph":[{"@type":"WebPage","@id":"https:\/\/wp.formaverse.fr\/cgv\/","url":"https:\/\/wp.formaverse.fr\/cgv\/","name":"Conditions G\u00e9n\u00e9rales de Vente - \u00c9vasion Naturelle","isPartOf":{"@id":"https:\/\/wp.formaverse.fr\/#website"},"datePublished":"2026-03-23T08:37:01+00:00","dateModified":"2026-03-23T08:37:20+00:00","breadcrumb":{"@id":"https:\/\/wp.formaverse.fr\/cgv\/#breadcrumb"},"inLanguage":"fr-FR","potentialAction":[{"@type":"ReadAction","target":["https:\/\/wp.formaverse.fr\/cgv\/"]}]},{"@type":"BreadcrumbList","@id":"https:\/\/wp.formaverse.fr\/cgv\/#breadcrumb","itemListElement":[{"@type":"ListItem","position":1,"name":"Home","item":"https:\/\/wp.formaverse.fr\/"},{"@type":"ListItem","position":2,"name":"Conditions G\u00e9n\u00e9rales de Vente"}]},{"@type":"WebSite","@id":"https:\/\/wp.formaverse.fr\/#website","url":"https:\/\/wp.formaverse.fr\/","name":"\u00c9vasion Naturelle","description":"La marque cosm\u00e9tique naturelle pour votre bien \u00eatre","publisher":{"@id":"https:\/\/wp.formaverse.fr\/#organization"},"potentialAction":[{"@type":"SearchAction","target":{"@type":"EntryPoint","urlTemplate":"https:\/\/wp.formaverse.fr\/?s={search_term_string}"},"query-input":{"@type":"PropertyValueSpecification","valueRequired":true,"valueName":"search_term_string"}}],"inLanguage":"fr-FR"},{"@type":"Organization","@id":"https:\/\/wp.formaverse.fr\/#organization","name":"\u00c9vasion Naturelle","url":"https:\/\/wp.formaverse.fr\/","logo":{"@type":"ImageObject","inLanguage":"fr-FR","@id":"https:\/\/wp.formaverse.fr\/#\/schema\/logo\/image\/","url":"https:\/\/wp.formaverse.fr\/e5b-01\/wp-content\/uploads\/2026\/03\/cropped-favicon-evasion-naturelle.png","contentUrl":"https:\/\/wp.formaverse.fr\/e5b-01\/wp-content\/uploads\/2026\/03\/cropped-favicon-evasion-naturelle.png","width":512,"height":512,"caption":"\u00c9vasion Naturelle"},"image":{"@id":"https:\/\/wp.formaverse.fr\/#\/schema\/logo\/image\/"}}]}},"uagb_featured_image_src":{"full":false,"thumbnail":false,"medium":false,"medium_large":false,"large":false,"1536x1536":false,"2048x2048":false},"uagb_author_info":{"display_name":"Sophie Martin","author_link":"https:\/\/wp.formaverse.fr\/e5b-01\/author\/admin\/"},"uagb_comment_info":0,"uagb_excerpt":"Conditions G\u00e9n\u00e9rales de Vente En vigueur au 1er janvier 2026 Article 1 &#8211; Objet Les pr\u00e9sentes conditions g\u00e9n\u00e9rales de vente [&hellip;]","_links":{"self":[{"href":"https:\/\/wp.formaverse.fr\/e5b-01\/wp-json\/wp\/v2\/pages\/12","targetHints":{"allow":["GET"]}}],"collection":[{"href":"https:\/\/wp.formaverse.fr\/e5b-01\/wp-json\/wp\/v2\/pages"}],"about":[{"href":"https:\/\/wp.formaverse.fr\/e5b-01\/wp-json\/wp\/v2\/types\/page"}],"author":[{"embeddable":true,"href":"https:\/\/wp.formaverse.fr\/e5b-01\/wp-json\/wp\/v2\/users\/1"}],"replies":[{"embeddable":true,"href":"https:\/\/wp.formaverse.fr\/e5b-01\/wp-json\/wp\/v2\/comments?post=12"}],"version-history":[{"count":1,"href":"https:\/\/wp.formaverse.fr\/e5b-01\/wp-json\/wp\/v2\/pages\/12\/revisions"}],"predecessor-version":[{"id":48,"href":"https:\/\/wp.formaverse.fr\/e5b-01\/wp-json\/wp\/v2\/pages\/12\/revisions\/48"}],"wp:attachment":[{"href":"https:\/\/wp.formaverse.fr\/e5b-01\/wp-json\/wp\/v2\/media?parent=12"}],"curies":[{"name":"wp","href":"https:\/\/api.w.org\/{rel}","templated":true}]}}